 - 9*x(k). What is the tens digit of i(n)?
6
Suppose 3*w + 19 = -2*w - 4*r, -2*w + 2*r = 4. Let g be ((w - -4) + -3)/(-1). Suppose -g = -2*o + 78. What is the tens digit of o?
4
Let m = 25 + -20. Suppose -m*u + 58 - 48 = 0. What is the units digit of u?
2
Suppose -21*m + 7993 + 5279 = 0. What is the tens digit of m?
3
Suppose 5*c + o = 3*o + 78, 4*c - 3*o - 68 = 0. Suppose -3*j = -5*j + 8. Suppose -m - 4*u = -c, 2*m + j*u = -0*u + 28. What is the tens digit of m?
1
Let r(g) be the third derivative of g**4/24 - 11*g**3/6 + 10*g**2. Let c be r(9). What is the tens digit of c*((-66)/3)/2?
2
Let s be 6*2/10*(1 + 9). Let u(t) = -3 - 3*t + 8*t - 2*t. What is the units digit of u(s)?
3
Let j = 952 + 776. What is the thousands digit of j?
1
What is the tens digit of (2/3)/(4/(-138))*-28?
4
Let n(a) = 11*a + 1. Let d be n(1). Suppose -2*z + 2 = -d. Suppose 3 = 5*p - z. What is the units digit of p?
2
Let n(g) = -g**2 + 47*g - 84. What is the hundreds digit of n(20)?
4
Suppose 5*n - 281 = -6. Let q = n - 30. What is the units digit of (-262)/(-10) - 5/q?
6
Let a(i) = -9*i - 13. Let l(r) = 19*r + 26. Let d(g) = 13*a(g) + 6*l(g). What is the units digit of d(-10)?
7
Let t(h) = 411*h**3 + 3*h**2 - 2*h. What is the units digit of t(1)?
2
Let z(w) = 6*w**3 + 26*w - 20. What is the tens digit of z(5)?
6
Suppose 5050 = y - 7*x + 8*x, 4*y = -2*x + 20192. What is the units digit of y?
6
Suppose -3*y + 788 = -2*t - 236, 0 = 4*y - 5*t - 1363. Let p be y/14 + (-48)/(-84). What is the tens digit of (-10)/p - 167/(-5)?
3
Let a = 1255 + -592. What is the units digit of a?
3
Suppose -142*h - 516 = -144*h. What is the units digit of h?
8
Let u(t) = -t - 6. Let d be u(0). Let p(r) be the third derivative of -r**5/60 - r**4/4 + 2*r**3 + 2*r**2 + 6*r. What is the units digit of p(d)?
2
Let n be -3 - (-6 - 0/(-4)). Suppose -n*a - 4*h = -0*h + 8, -3*a - h - 2 = 0. Suppose a*d + 5*d - 55 = b, -3*d + 4*b = -33. What is the units digit of d?
1
Let f be ((-48)/(-20))/((-3)/(-30)). What is the units digit of 296/f*(10 - 1)?
1
Let p = -59 + 63. Suppose -2*f + p*f - 134 = 0. What is the units digit of f?
7
Let f(x) = x**2 + 3*x - 2. Let a be f(-4). Let r be (0 + 0)*a/(-4). Suppose r = 5*p - 31 - 69. What is the units digit of p?
0
Suppose 5*i + 2*x + 735 - 5346 = 0, -2*i - x = -1844. What is the units digit of i?
3
Suppose -2*h - 3*y + 238 = 47, h = -2*y + 96. What is the units digit of h?
4
Let s(q) = -q**3 - 2*q**2 - 2*q + 22. Let l = 44 + -44. What is the units digit of s(l)?
2
Let t = 743 - 311. What is the units digit of t?
2
Suppose -12*n = -11*n + 5, 3*n = -5*y + 415. What is the tens digit of y?
8
Let c(l) = -5*l - 29. Let x be c(-5). Let w(o) = -2*o**2 + o - 6. Let v(h) = 3*h**2 - h + 6. Let y(g) = 6*v(g) + 7*w(g). What is the tens digit of y(x)?
5
What is the tens digit of -3 + -6 + 4 + (529 - 0)?
2
Suppose 0 = -3*u - 2*u - 3*z + 13757, -2*z - 8258 = -3*u. What is the units digit of u?
2
Suppose -2*t + 60 = 3*t - 5*o, -4*o = 3*t - 43. What is the tens digit of t/(-5) + (-36)/(-60) + 111?
0
Suppose -16*c + 7246 = -35778. What is the thousands digit of c?
2
Let m be 46/(-6) + 24/36. What is the tens digit of (3 - (-819)/4) + m/(-28)?
0
Let p(w) = 4*w + 39. Let f be p(-7). What is the units digit of (18/(-4))/(f/(-242))?
9
Let m be -93*4/6*-1. Let z = m - 39. What is the units digit of z?
3
Let r(p) = 3*p**2 + 14*p + 22. Let q(h) = 4*h**2 + 14*h + 23. Let f(v) = -2*q(v) + 3*r(v). Suppose 0 = 499*z - 488*z + 165. What is the tens digit of f(z)?
3
Suppose 4*v = a + 196, 5*a = -23*v + 19*v + 196. What is the units digit of v?
9
Suppose 2*j = 7*j - 1635. Suppose j = 36*n - 33*n. What is the units digit of n?
9
Let p = 226 - 172. What is the units digit of p?
4
Let o = 38 + -14. Let p = -3 + o. What is the tens digit of p?
2
Let c(j) = -j**2 - j - 1. Let y(v) = -5*v**2 + 9*v + 7. Let m(a) = 2*c(a) - y(a). Let o(q) be the first derivative of m(q). What is the tens digit of o(10)?
4
What is the hundreds digit of ((-230)/84 - (-176)/308)*-534?
1
Suppose 0 = 17*w - 13*w - 20. Suppose 0 = -w*u - u + 144. What is the units digit of u?
4
Suppose -5*v + 0*v = -o - 40, -o + 23 = 4*v. Let u = v - 25. What is the units digit of 308/6 - u/27?
2
Suppose 0 = -2*r - 79 - 25. What is the tens digit of ((-86)/4)/(26/r)?
4
Let h(v) = 2975*v**2 + 16*v - 14. What is the thousands digit of h(1)?
2
Suppose 2*f + 2*n - 1482 = 0, -2*f + 0*f = -2*n - 1474. What is the hundreds digit of f?
7
Suppose -4*t + 265 - 13 = 4*b, -2*b - t = -128. Let y = 95 - b. What is the units digit of y?
0
Let i be (798/(-35))/(4/(-10)). Suppose 2*n - n - 5*f = i, -6 = 3*f. What is the tens digit of n?
4
Let v(p) = 3*p + 3. Let t be v(5). What is the tens digit of (-621)/t*(1 + -3)?
6
Let v be (48/(-64))/((-2)/8). Let s(i) = -i**3 - 4 + 3*i**3 + 0*i - 3*i. What is the units digit of s(v)?
1
Suppose -67*i + 3304 = -63*i. What is the hundreds digit of i?
8
Let h = -7 - -13. Suppose -j + h*j = p + 134, 3*j + 4*p = 85. What is the units digit of -3*(-1)/3 + j?
8
What is the tens digit of 39102/30 + (-2)/5 - -1?
0
Suppose 0 = -3*l + 2*l - 1. Let v be -1 + (-3)/l + -5. What is the units digit of (-22)/4*6/v?
1
Let k(h) = h**2 + 5*h - 7. Let w be k(5). Let m(j) = -w*j + 5 + 4 + 39*j. What is the tens digit of m(-6)?
3
Suppose -5*j = -4*q + 25, -2*q + 0*q - 5*j + 5 = 0. What is the tens digit of (-494)/(-65)*q/2?
1
Let u be -4*(-3)/(-48) + 1/4. What is the units digit of -58 - -58 - (u + 0 - 239)?
9
Suppose -83*d + 5415 = -2221. What is the units digit of d?
2
Let b(k) = 2*k**2 + 3*k - 8. Let g(l) = 2*l**2 + 3*l - 1. Let z be g(1). Suppose 5*q - 4*y + 24 = 0, -4*q + 3*y = z*y + 15. What is the units digit of b(q)?
2
Let t = -315 + 650. Suppose -a - t = -5*j + 57, 4*j - 322 = -2*a. What is the units digit of j?
9
Let n(k) = k**2 + 15*k + 39. Let x be n(-14). Suppose x*l = 24*l + 99. What is the units digit of l?
9
Let u(b) = -66*b + 70. What is the hundreds digit of u(-3)?
2
Suppose 0*z - 3*z - 54 = -4*r, z = 2*r - 18. Suppose 0 = -p - 5*a - 5 - 26, -3*p = a + 65. Let g = z - p. What is the units digit of g?
3
Suppose 0*f + 5*f = -20. What is the tens digit of f/(-34) + (-2580)/(-34)?
7
Let n be ((-36)/3)/3 - -3. What is the tens digit of (-43 + 16)*1/n?
2
Let m(g) = 8*g**2 + 19*g + 92. What is the units digit of m(-6)?
6
Let v(x) = -145*x - 21. What is the tens digit of v(-5)?
0
Suppose -2*v = 3*l - 383, -2*v - 2*v - 3*l = -781. Suppose v = 4*n - 21. What is the tens digit of n?
5
Let n = 0 - 0. Suppose -4*p + k + 115 = n, p - k + 2*k = 35. What is the units digit of (-2*p - 2)*-1?
2
Suppose 85*h + 0*h = 249645. What is the hundreds digit of h?
9
Suppose -5*o = -13 - 2. Suppose o*f - 5*z = -1 + 121, -2*f = -5*z - 85. What is the tens digit of f?
3
Let h = 29 - 35. Let c be 28*(-7)/((-56)/h). What is the units digit of 3/c - 66/(-21)?
3
Suppose 69 = 5*u - 51. Suppose -i - u = -2*i. Let w = 54 - i. What is the units digit of w?
0
Let b(k) = -130*k**3 - 7*k - 26. What is the thousands digit of b(-2)?
1
Suppose -3*b - b + 20 = -5*n, -2*b + n = -4. Suppose b*d + 5*d = 50. What is the units digit of (d/(-25))/(2/(-60))?
2
Let h(k) = -7*k - 8. Let y be h(2). Let r = 3 - y. Let z = r + -16. What is the units digit of z?
9
Let x(h) = 139*h + 5788. What is the tens digit of x(0)?
8
Let d(g) = 101*g**2 + 20*g - 67. What is the hundreds digit of d(3)?
9
Let n = -250 + 70. Let m = 301 + n. What is the hundreds digit of m?
1
Let q(p) = p**3 + 14*p**2 - p - 11. Suppose 3*c + 4*u + 54 = 0, -5*c = 4*u + 33 + 49. Let n be q(c). Suppose 2*m - 81 = -n. What is the tens digit of m?
3
Let o(t) = t**2 + 9*t + 2. Let y(i) = i**3 - 8*i**2 - 7*i - 6. Let m be y(9). Suppose -10 = 2*c + m. What is the tens digit of o(c)?
2
Suppose 2*o - 3*b = 153, 4*b - 52 = -2*o + 80. Suppose 0 = 18*w - 15*w - o. What is the tens digit of w?
2
Suppose 222*s - 10782 = 216*s. What is the units digit of s?
7
Suppose 0 = z - 6*z - 70. Let g = z - -25. What is the tens digit of g?
1
Suppose -2*b - 2*r = -b + 3, 3*r = -3*b. Let q(l) = 6*l**2 + 4*l - 4. What is the units digit of q(b)?
2
Suppose 7*w = -w + 600. Let q = w + -41. What is the tens digit of q?
3
Suppose -5*u = -x - 603, 0 = -5*u - 0*x - 4*x + 588. Let g = 240 - u. What is the units digit of g?
0
Let z(u) be the thir